is 340560 (base 7) in base 5?
3412222
Convert -123120133 (base 4) to base 15.
-23374
12111111010 (base 3) to base 10
108246
Convert -1220020021010 (base 3) to base 13.
-293cb2
14e00 (base 16) to base 5
10214004
What is 165390 (base 10) in base 5?
20243030
Convert 14124034 (base 5) to base 7.
1144153
Convert -c156 (base 14) to base 4.
-20012300
Convert -29ba0 (base 15) to base 13.
-4914c
What is 1000000001011100011 (base 2) in base 8?
1001343
-532413 (base 8) to base 10
-177419
What is 47087a6 (base 11) in base 12?
2907b64
Convert -2ed3cd (base 16) to base 11.
-1806769
Convert 8296211 (base 10) to base 16.
7e9713
Convert -100010011110100000 (base 2) to base 5.
-14004331
Convert 31eac (base 15) to base 2.
100110101101100010
-242652 (base 9) to base 8
-435635
2e6b8f (base 16) to base 10
3042191
-532563 (base 9) to base 10
-316848
Convert -2380208 (base 9) to base 6.
-43412355
Convert -250a4 (base 14) to base 10.
-90696
Convert 100313443 (base 5) to base 10.
401123
-6410 (base 14) to base 5
-1023022
-1001101221021 (base 3) to base 9
-1041837
What is -5620714 (base 8) in base 11?
-945a84
-120013033 (base 4) to base 10
-98767
Convert 146654 (base 14) to base 10.
709202
Convert a6c99 (base 13) to base 9.
507734
111324302 (base 5) to base 8
1707731
Convert -2b93932 (base 12) to base 16.
-87d676
Convert 3620718 (base 10) to base 13.
99a04a
Convert 1015440 (base 6) to base 11.
33a68
What is -101812 (base 9) in base 8?
-166025
What is 1153172 (base 8) in base 2?
1001101011001111010
-222042440 (base 6) to base 16
-3d5018
Convert -1acd3a (base 14) to base 9.
-1718412
What is 100111011010101100 (base 2) in base 12?
79524
Convert -ba8dc (base 14) to base 16.
-6e4c2
2218 (base 12) to base 14
152c
Convert -1503177 (base 12) to base 3.
-21222012002201
-321010302 (base 4) to base 11
-14a706
What is 1907b (base 15) in base 7?
455330
Convert -429916 (base 10) to base 12.
-188964
What is -1325305 (base 7) in base 2?
-101010101010010011
What is 3788214 (base 9) in base 7?
23363536
Convert -132754 (base 9) to base 8.
-235646
What is -680185 (base 13) in base 10?
-2456524
112330432 (base 5) to base 7
4226603
What is -293a4c (base 13) in base 10?
-1007980
What is 1607727 (base 8) in base 12?
1a39b3
What is 440244 (base 7) in base 11?
52906
-1100000111000001101010 (base 2) to base 9
-5867538
What is 131201030021 (base 4) in base 11?
4405846
Convert -15351073 (base 9) to base 10.
-7650921
What is -11100022002 (base 3) in base 14?
-2323d
What is -1000111100111000 (base 2) in base 13?
-138c4
-24731 (base 13) to base 7
-366503
Convert -322310332 (base 4) to base 8.
-726476
Convert 221130222311 (base 4) to base 7.
161232233
Convert 145668 (base 12) to base 15.
6b225
5844450 (base 9) to base 13
867c09
Convert 1311010002 (base 4) to base 2.
1110101000100000010
What is 1029b0b (base 12) in base 3?
12201200102002
Convert 20043303 (base 5) to base 9.
262342
101021101202 (base 3) to base 10
202223
-153703 (base 8) to base 2
-1101011111000011
-237664 (base 12) to base 4
-2023313230
a6142 (base 11) to base 6
3151323
What is -404051424 (base 6) in base 10?
-6911944
2474711 (base 10) to base 3
11122201122222
134430032 (base 5) to base 4
2223113010
4522d (base 16) to base 9
471405
What is 2403522 (base 8) in base 14?
131734
What is 723232 (base 8) in base 5?
30124013
What is 21282 (base 12) in base 6?
533442
Convert -1a6416 (base 11) to base 16.
-4d22c
Convert -367644 (base 10) to base 16.
-59c1c
bd3a (base 15) to base 11
2814a
What is 871617 (base 10) in base 6?
30403133
Convert -1011101000011100001 (base 2) to base 6.
-12100333
-4522401 (base 6) to base 15
-47b4d
Convert -1230250 (base 7) to base 15.
-31ed4
Convert -682766 (base 13) to base 16.
-2590d3
What is 6146616 (base 8) in base 5?
404003421
What is 32325 (base 12) in base 11?
45754
What is 21031310 (base 4) in base 11?
263a7
-442856 (base 11) to base 13
-1b9730
-4211234 (base 5) to base 9
-115378
What is 2912f1 (base 16) in base 15?
3828a0
-263176 (base 8) to base 3
-11122220001
224105 (base 6) to base 12
b035
Convert -47988 (base 13) to base 8.
-400270
-2036c9 (base 15) to base 7
-16002564
Convert 2695a8 (base 14) to base 13.
378361
What is -10001010011010100 (base 2) in base 3?
-10121012202
What is 12021406 (base 7) in base 3?
2000001210101
Convert -1304303 (base 10) to base 4.
-10332123233
What is 2520c (base 13) in base 9?
113813
What is 2531034 (base 6) in base 13?
4a080
Convert 7aa45 (base 11) to base 15.
24a3b
26603605 (base 7) to base 11
1427655
730b3 (base 12) to base 4
210233013
What is 1111000001011010 (base 2) in base 11?
42257
Convert 201101120 (base 3) to base 5.
423021
221031302 (base 4) to base 15
35048
What is 155524 (base 9) in base 2?
10111011010110110
Convert -1022244321 (base 5) to base 4.
-20030321021
What is 30110222331 (base 4) in base 16?
314abd
Convert 4279c5 (base 13) to base 15.
20c070
Convert 39259a4 (base 11) to base 16.
67c782
Convert 254570 (base 13) to base 2.
11011010100010001011
Convert 14156350 (base 7) to base 5.
314401231
Convert -1047529 (base 11) to base 8.
-7011716
301b0 (base 12) to base 10
62484
9b2532 (base 13) to base 10
3661088
What is 314241245 (base 6) in base 14?
a3c033
-3310222012 (base 4) to base 13
-291190
-1d947b (base 14) to base 11
-666571
What is -295265 (base 11) in base 7?
-3626361
Convert -74778 (base 9) to base 10.
-49481
-3121a6 (base 14) to base 3
-10010012221222
Convert -23a47 (base 14) to base 6.
-1511103
Convert -130a14 (base 11) to base 6.
-4230343
Convert -11964 (base 13) to base 16.
-7e69
100000101101000111111 (base 2) to base 9
2013054
What is -12006446 (base 7) in base 4?
-10003010021
Convert -b9c3aa (base 14) to base 11.
-360a979
Convert -6633d (base 16) to base 15.
-84081
-850175 (base 13) to base 2
-1011111000000111000110
What is 146a7a1 (base 11) in base 12?
a15133
262780 (base 10) to base 13
927bb
Convert 212202030 (base 4) to base 6.
3214420
Convert -2e525 (base 16) to base 12.
-91971
Convert -20532405 (base 6) to base 2.
-10010011010001010101
What is b45e (base 15) in base 16?
94e2
-5468246 (base 9) to base 2
-1011001101011110110011
What is 49532 (base 14) in base 12?
87988
What is 5848b (base 13) in base 9?
265070
Convert -31406a (base 12) to base 8.
-2750122
Convert -1082041 (base 9) to base 10.
-585424
-954879 (base 10) to base 13
-275823
What is -156321 (base 7) in base 2?
-111100100111000
Convert -1011010000001001101000 (base 2) to base 15.
-3d3ee1
44b7cc (base 14) to base 11
135665a
What is -1684775 (base 12) in base 9?
-8671478
50024332 (base 6) to base 7
14633102
What is -40a241a (base 11) in base 13?
-1664668
Convert 10411553 (base 6) to base 9.
526026
Convert -732799 (base 13) to base 14.
-5006a1
Convert -1001100222210212 (base 3) to base 8.
-71407257
Convert 11034444 (base 5) to base 2.
10111011111111001
What is -1202341 (base 8) in base 13?
-b6943
Convert 4321615 (base 7) to base 9.
882154
Convert 105432 (base 16) to base 4.
10011100302
91c8 (base 16) to base 13
13caa
32103331032 (base 4) to base 3
21001121110000
Convert -343426 (base 12) to base 14.
-17a554
-12256 (base 13) to base 6
-414244
What is -116053035 (base 7) in base 5?
-3332313143
What is -2101011222210 (base 3) in base 15?
-19e4d6
What is 667bd (base 14) in base 9?
417780
What is 371513a (base 12) in base 9?
22162801
Convert -7007456 (base 8) to base 6.
-103225222
What is 720e3 (base 15) in base 12?
155136
What is -196a043 (base 11) in base 3?
-20020210020022
Convert 74a540 (base 13) to base 10.
2736162
What is 825176 (base 11) in base 5?
314341144
13d8db (base 15) to base 5
221112011
Convert -563623 (base 7) to base 15.
-1e871
What is -66976 (base 10) in base 5?
-4120401
What is -9bd7 (base 14) in base 6?
-325105
Convert 41142552 (base 6) to base 4.
10200011210
Convert 1044242102 (base 5) to base 10.
2337152
What is -270435 (base 8) in base 16?
-1711d
Convert -22118057 (base 9) to base 2.
-101000110100011000011010
-4462b4 (base 12) to base 10
-1089064
-332c17 (base 13) to base 5
-302043004
122805 (base 9) to base 3
10202220012
What is -1d993b (base 15) in base 3?
-2201122222002
What is -4010455 (base 9) in base 10?
-2132699
What is 1011011101011011000000 (base 2) in base 14?
582b04
1100000100011001010100 (base 2) to base 6
151450524
What is 1628c (base 13) in base 12?
20